a factor of 25286754?
True
Is 38 a factor of 1163329018?
False
Does 571 divide 49932594?
False
Does 115 divide 50933270?
True
Is 267564882 a multiple of 177?
True
Is 67515654 a multiple of 203?
False
Does 49 divide 4828607?
True
Is 52977234 a multiple of 83?
False
Is 22320206 a multiple of 2?
True
Is 59 a factor of 11697656?
False
Is 209 a factor of 6805249?
True
Is 418533640 a multiple of 133?
False
Does 2432 divide 8713856?
True
Is 1370636432 a multiple of 11?
True
Does 42 divide 102465830?
False
Is 1123 a factor of 241074410?
True
Is 4 a factor of 25994840?
True
Is 35 a factor of 56348530?
True
Is 1822 a factor of 26596049?
False
Does 33 divide 426954132?
True
Is 39 a factor of 797784?
True
Is 536 a factor of 5720192?
True
Does 70 divide 102842546?
False
Is 158097 a multiple of 41?
False
Is 1007383295 a multiple of 37?
False
Does 12 divide 849034968?
True
Does 11 divide 4885169?
False
Does 139 divide 162219811?
True
Does 14 divide 2708932?
False
Does 10375 divide 3993511028?
False
Is 332 a factor of 55272494?
False
Does 3880 divide 22445800?
True
Is 3 a factor of 22955690?
False
Does 21 divide 203401284?
False
Is 50290129 a multiple of 4?
False
Is 3426535368 a multiple of 1085?
False
Does 558 divide 34019028?
True
Is 20 a factor of 3590499?
False
Is 390 a factor of 3271359973?
False
Does 208 divide 215758725?
False
Is 107976035 a multiple of 20?
False
Is 64 a factor of 65099136?
True
Is 182679018 a multiple of 61?
True
Is 474 a factor of 53184791?
False
Does 178 divide 11209016?
True
Is 15311578 a multiple of 7?
False
Is 4155 a factor of 327334406?
False
Is 45994542 a multiple of 4?
False
Is 1665784717 a multiple of 10?
False
Does 28 divide 1275948915?
False
Is 284633780 a multiple of 982?
False
Does 561 divide 31988220?
True
Does 2286 divide 763417952?
False
Is 66176459 a multiple of 488?
False
Is 2835 a factor of 68459580?
True
Does 11 divide 2503605940?
True
Is 554676785 a multiple of 65?
True
Is 545 a factor of 4254668?
False
Is 20 a factor of 5610440?
True
Is 864 a factor of 1527520032?
True
Is 139 a factor of 65207883?
False
Does 871 divide 90716832?
False
Does 31 divide 34916940?
False
Is 879326089 a multiple of 24?
False
Does 47 divide 97677606?
False
Does 36 divide 324543492?
True
Is 351255852 a multiple of 12?
True
Does 64 divide 1750645120?
True
Is 1201901254 a multiple of 13031?
True
Is 7142745808 a multiple of 1628?
True
Does 11 divide 642651031?
True
Is 253 a factor of 3634919?
False
Is 18 a factor of 38999160?
True
Is 89327038 a multiple of 1753?
False
Is 1100 a factor of 60839500?
False
Is 421940656 a multiple of 54?
False
Is 62254097 a multiple of 38?
False
Is 39445760 a multiple of 515?
False
Does 94 divide 1269932950?
True
Is 12 a factor of 2251380060?
True
Is 4 a factor of 96891224?
True
Is 39 a factor of 825017954?
False
Is 26832112 a multiple of 5?
False
Is 220076217 a multiple of 27?
True
Is 32790065 a multiple of 11?
True
Is 91327392 a multiple of 104?
True
Is 2282 a factor of 39464225?
False
Is 59263598 a multiple of 74?
False
Does 76 divide 2963952424?
True
Is 67844280 a multiple of 40?
True
Is 244373512 a multiple of 2568?
False
Is 41 a factor of 11774412?
False
Does 10 divide 34215170?
True
Does 259 divide 279214796?
False
Is 60891285 a multiple of 93?
True
Is 2182425638 a multiple of 179?
True
Does 5 divide 43721455?
True
Is 3986 a factor of 242935054?
False
Does 44 divide 578470068?
True
Is 26538428 a multiple of 1756?
True
Is 114 a factor of 21068112?
True
Is 1770573480 a multiple of 60?
True
Is 9 a factor of 594517239?
True
Is 26152740 a multiple of 228?
True
Does 1867 divide 4716585297?
True
Is 41977726 a multiple of 1113?
False
Does 6 divide 22541652?
True
Does 306 divide 41369670?
True
Is 88 a factor of 46932418?
False
Is 2190518968 a multiple of 19?
True
Does 66 divide 19600689?
False
Does 1055 divide 56529816?
False
Is 39 a factor of 1002027?
True
Does 14 divide 12389660?
False
Does 4510 divide 1190801871?
False
Is 504190846 a multiple of 321?
False
Is 162669617 a multiple of 2057?
True
Does 218 divide 50665826?
False
Does 58 divide 32617916?
False
Is 35 a factor of 53400445?
True
Does 1200 divide 2607331200?
True
Is 340597093 a multiple of 2511?
False
Does 7 divide 348068049?
True
Is 61 a factor of 157244668?
False
Is 13 a factor of 63236288?
False
Is 2061363 a multiple of 27?
False
Is 121 a factor of 32110802?
False
Is 64 a factor of 2589414976?
True
Is 220977000 a multiple of 150?
True
Is 32 a factor of 18890267?
False
Is 228693696 a multiple of 28?
True
Does 282 divide 4692607158?
False
Is 254284624 a multiple of 44?
True
Is 76603915 a multiple of 115?
True
Does 2450 divide 949845637?
False
Does 9 divide 28926927?
True
Is 5591 a factor of 817789979?
True
Is 46 a factor of 79419690?
True
Is 96 a factor of 255062400?
True
Is 1384654992 a multiple of 791?
True
Does 56 divide 33704247?
False
Is 530753016 a multiple of 1263?
True
Is 15486077 a multiple of 705?
False
Is 3419209462 a multiple of 62?
False
Is 1253953475 a multiple of 71?
False
Is 5678847 a multiple of 157?
True
Is 21475836 a multiple of 207?
True
Is 101 a factor of 24473954?
False
Is 49125070 a multiple of 7?
False
Is 3944602149 a multiple of 108?
False
Does 611 divide 7774156?
False
Does 706 divide 9474520?
True
Is 9 a factor of 569161836?
True
Is 4127 a factor of 37750299?
False
Is 421 a factor of 78233167?
True
Does 4160 divide 478888815?
False
Is 759 a factor of 557161149?
False
Is 174705275 a multiple of 25?
True
Is 589261884 a multiple of 12?
True
Is 16 a factor of 9109166?
False
Does 1775 divide 54755708?
False
Is 448 a factor of 324296101?
False
Is 4054007389 a multiple of 420?
False
Does 383 divide 96928516?
False
Is 1408129057 a multiple of 27?
False
Is 1171 a factor of 117244033?
True
Is 900 a factor of 18747000?
True
Does 2724 divide 1128187111?
False
Is 93 a factor of 929067024?
True
Does 8 divide 250991959?
False
Does 342 divide 70216275?
False
Is 810 a factor of 42738681?
False
Is 2964 a factor of 641940156?
True
Is 50 a factor of 123297100?
True
Does 383 divide 799298786?
True
Is 307255 a multiple of 5?
True
Is 143436399 a multiple of 86?
False
Is 31 a factor of 39005232?
False
Does 630 divide 353351880?
True
Is 1067 a factor of 3884947?
True
Is 96 a factor of 6000964?
False
Is 31 a factor of 137243200?
True
Does 14 divide 19155108?
True
Is 27233600 a multiple of 50?
True
Is 59 a factor of 54390920?
True
Is 367826340 a multiple of 2058?
True
Does 1712 divide 30128089?
False
Does 148 divide 18616799?
False
Does 900 divide 380309400?
True
Is 55398540 a multiple of 30?
True
Is 5851227 a multiple of 490?
False
Is 42 a factor of 152273416?
False
Is 1491 a factor of 86281018?
False
Does 533 divide 11017110?
True
Is 443778353 a multiple of 4828?
False
Does 111 divide 1307307?
False
Is 644 a factor of 541527?
False
Does 17 divide 10566960?
False
Is 277736584 a multiple of 8?
True
Does 180 divide 19004940?
True
Is 19 a factor of 189419496?
False
Does 7 divide 1717884110?
False
Is 19391797 a multiple of 181?
True
Is 650 a factor of 38651662?
False
Is 4168 a factor of 1234194508?
False
Does 18 divide 35892730?
False
Is 679760874 a multiple of 5862?
False
Does 587 divide 222024413?
False
Does 1479 divide 1132709633?
False
Is 15257346 a multiple of 7?
False
Does 2154 divide 144313692?
True
Is 121010292 a multiple of 117?
True
Does 1756 divide 78185768?
False
Is 41 a factor of 1158531793?
True
Is 3 a factor of 246383891?
False
Is 43603304 a multiple of 76?
False
Is 59 a factor of 2101705021?
True
Is 1154228036 a multiple of 38?
True
Does 8 divide 159905408?
True
Does 19 divide 164370805?
True
Is 469709712 a multiple of 9?
True
Is 1440808391 a multiple of 1643?
False
Is 1329 a factor of 2152915853?
False
Is 49042500 a multiple of 650?
True
Does 112 divide 8776148?
False
Is 9 a factor of 12931956?
True
Is 961 a factor of 57397647?
True
Is 4241 a factor of 196275524?
False
Is 54 a factor of 267623622?
True
Is 564 a factor of 52020540?
True
Is 52863872 a multiple of 837?
False
Is 146723652 a multiple of 22?
False
Is 416471162 a multiple of 4801?
False
Is 12 a factor of 2227310227?
False
Is 2015 a factor of 390764920?
True
Does 83 divide 2657260604?
True
Does 19 divide 3645588?
False
Does 24 divide 946718291?
False
Is 502 a factor of 83313